49 and 98.
49
What is the greatest common divisor of 776 and 485?
97
Calculate the greatest common factor of 1976 and 104.
104
What is the highest common divisor of 3384 and 72?
72
Calculate the highest common factor of 23 and 4117.
23
Calculate the greatest common divisor of 40 and 56.
8
Calculate the greatest common factor of 182 and 42.
14
Calculate the greatest common factor of 13707 and 18.
9
What is the greatest common divisor of 3345 and 45?
15
What is the highest common divisor of 1660 and 680?
20
Calculate the greatest common factor of 80 and 448.
16
What is the greatest common divisor of 270 and 495?
45
Calculate the greatest common factor of 18 and 10.
2
What is the greatest common factor of 14475 and 75?
75
Calculate the greatest common factor of 16 and 5224.
8
Calculate the greatest common factor of 120 and 84.
12
Calculate the greatest common factor of 14 and 224.
14
Calculate the greatest common factor of 14283 and 23.
23
What is the greatest common divisor of 642 and 6?
6
What is the greatest common factor of 3283 and 335?
67
What is the greatest common factor of 490 and 2170?
70
Calculate the greatest common factor of 202 and 38582.
202
Calculate the greatest common divisor of 38 and 703.
19
Calculate the highest common factor of 28 and 1152.
4
What is the greatest common factor of 270 and 60?
30
What is the highest common divisor of 228 and 3?
3
What is the greatest common factor of 1475 and 150?
25
What is the highest common divisor of 1064 and 152?
152
What is the greatest common factor of 1 and 6?
1
What is the highest common divisor of 160 and 70?
10
What is the greatest common divisor of 81 and 69?
3
Calculate the greatest common divisor of 8 and 8.
8
What is the highest common factor of 20 and 2180?
20
What is the greatest common divisor of 23 and 391?
23
Calculate the highest common divisor of 5054 and 57.
19
Calculate the greatest common factor of 2 and 38.
2
Calculate the greatest common factor of 61 and 9455.
61
What is the highest common factor of 371 and 265?
53
What is the greatest common factor of 292 and 16?
4
What is the highest common factor of 5203 and 242?
121
What is the highest common factor of 28 and 2478?
14
What is the greatest common factor of 66 and 16?
2
What is the highest common factor of 85036 and 28?
28
Calculate the highest common divisor of 46 and 1978.
46
What is the highest common factor of 342 and 54?
18
Calculate the greatest common factor of 65 and 689.
13
Calculate the highest common divisor of 8 and 5.
1
Calculate the greatest common divisor of 93 and 620.
31
Calculate the highest common divisor of 44 and 1947.
11
Calculate the highest common divisor of 42 and 147.
21
Calculate the greatest common divisor of 6335 and 362.
181
What is the highest common divisor of 475 and 50?
25
What is the highest common divisor of 330 and 462?
66
Calculate the greatest common divisor of 16144 and 8.
8
What is the highest common divisor of 48 and 384?
48
What is the greatest common factor of 42 and 3618?
6
What is the greatest common factor of 10742 and 82?
82
What is the greatest common divisor of 74 and 7400?
74
What is the greatest common divisor of 1320 and 22?
22
What is the highest common divisor of 1537 and 87?
29
What is the highest common factor of 55 and 3245?
55
What is the greatest common factor of 82 and 2542?
82
What is the greatest common divisor of 1748 and 76?
76
What is the greatest common divisor of 65 and 3627?
13
Calculate the highest common factor of 198 and 144.
18
What is the highest common factor of 25 and 50?
25
What is the highest common factor of 1108 and 4?
4
Calculate the greatest common factor of 16 and 10.
2
Calculate the highest common factor of 1370 and 5.
5
Calculate the highest common factor of 31 and 124.
31
Calculate the highest common factor of 378 and 28.
14
Calculate the greatest common divisor of 45 and 375.
15
What is the highest common factor of 612 and 7446?
102
Calculate the greatest common factor of 92 and 12.
4
What is the greatest common divisor of 2436 and 12?
12
What is the greatest common divisor of 374 and 44?
22
What is the greatest common divisor of 2 and 86?
2
Calculate the highest common factor of 9 and 423.
9
Calculate the greatest common factor of 308 and 88.
44
Calculate the greatest common divisor of 342 and 9.
9
What is the highest common factor of 414 and 18?
18
Calculate the highest common factor of 5 and 100.
5
Calculate the greatest common factor of 22 and 275.
11
What is the highest common divisor of 39 and 26?
13
Calculate the greatest common factor of 88 and 121.
11
Calculate the greatest common factor of 2205 and 210.
105
Calculate the highest common divisor of 12 and 225.
3
Calculate the highest common divisor of 1817 and 69.
23
What is the greatest common divisor of 36 and 60?
12
What is the greatest common factor of 126 and 54?
18
What is the greatest common factor of 10976 and 56?
56
Calculate the highest common factor of 90 and 30.
30
Calculate the highest common factor of 300 and 1120.
20
Calculate the highest common divisor of 94635 and 135.
135
What is the highest common divisor of 44 and 2596?
44
What is the greatest common divisor of 195 and 39?
39
What is the greatest common divisor of 581 and 166?
83
What is the highest common divisor of 2637 and 18?
9
What is the highest common divisor of 5 and 355?
5
Calculate the greatest common divisor of 3 and 123.
3
What is the greatest common divisor of 4 and 398?
2
What is the greatest common factor of 30 and 498?
6
What is the greatest common divisor of 4 and 116?
4
What is the greatest common divisor of 12 and 9?
3
Calculate the highest common factor of 279 and 252.
9
What is the highest common factor of 88 and 220?
44
Calculate the highest common factor of 405 and 5.
5
Calculate the highest common divisor of 56 and 91.
7
What is the greatest common divisor of 2064 and 387?
129
Calculate the highest common divisor of 45 and 27.
9
Calculate the greatest common factor of 81 and 1017.
9
Calculate the greatest common factor of 6 and 18.
6
What is the greatest common divisor of 712 and 1691?
89
What is the highest common factor of 100 and 75?
25
What is the highest common divisor of 25141 and 124?
31
What is the greatest common factor of 55956 and 12?
12
What is the greatest common factor of 35 and 10?
5
Calculate the greatest common factor of 756 and 81.
27
What is the highest common divisor of 34 and 4?
2
Calculate the highest common divisor of 1095 and 30.
15
Calculate the greatest common factor of 14 and 238.
14
Calculate the highest common divisor of 69 and 391.
23
What is the greatest common divisor of 116 and 3712?
116
What is the highest common divisor of 85 and 10?
5
What is the highest common factor of 60 and 2670?
30
Calculate the highest common factor of 11 and 781.
11
Calculate the highest common divisor of 130 and 80.
10
Calculate the greatest common factor of 104 and 40.
8
Calculate the highest common divisor of 192 and 36.
12
Calculate the greatest common divisor of 180 and 1180.
20
Calculate the greatest common factor of 1133 and 22.
11
Calculate the greatest common divisor of 63 and 56.
7
What is the highest common factor of 52 and 572?
52
What is the highest common factor of 12480 and 5?
5
What is the greatest common factor of 35811 and 173?
173
What is the highest common divisor of 24870 and 75?
15
What is the greatest common factor of 1908 and 36?
36
Calculate the greatest common divisor of 22 and 242.
22
Calculate the greatest common factor of 5 and 115.
5
What is the greatest common divisor of 555 and 888?
111
What is the greatest common factor of 16 and 10?
2
What is the greatest common factor of 8224 and 32?
32
Calculate the highest common divisor of 1058 and 161.
23
What is the greatest common divisor of 95 and 445?
5
What is the greatest common factor of 40 and 824?
8
What is the greatest common divisor of 24 and 888?
24
Calculate the greatest common divisor of 25 and 125.
25
What is the greatest common divisor of 30 and 6870?
30
What is the greatest common divisor of 326 and 17767?
163
Calculate the highest common factor of 15 and 150.
15
Calculate the greatest common factor of 1634 and 172.
86
What is the greatest common factor of 91 and 1995?
7
Calcu